.
3
Calculate the greatest common divisor of 1556721 and 153.
9
Calculate the highest common factor of 848694 and 216293.
77
What is the highest common factor of 325 and 1126437?
13
Calculate the highest common factor of 69 and 1296497833.
23
Calculate the greatest common divisor of 50 and 803338.
2
What is the highest common divisor of 1047 and 4286767?
349
What is the highest common divisor of 128760 and 1416?
24
What is the highest common divisor of 6693 and 13821627?
291
What is the greatest common factor of 405 and 29987577?
81
Calculate the highest common divisor of 25442578 and 14.
14
What is the highest common divisor of 67088 and 16016?
112
What is the highest common factor of 1539 and 1462752?
27
What is the greatest common divisor of 8 and 7782397?
1
Calculate the highest common factor of 35328657 and 6916.
1729
Calculate the greatest common divisor of 27462 and 112094511.
597
What is the highest common divisor of 1995 and 3151815?
285
Calculate the highest common divisor of 4031958 and 1122.
102
What is the greatest common factor of 69840609 and 8055?
537
Calculate the greatest common factor of 130921 and 1302553.
2219
Calculate the greatest common divisor of 677867410 and 330.
110
What is the highest common divisor of 1116 and 17128926?
558
What is the greatest common divisor of 2243427 and 9645?
1929
What is the highest common factor of 151487108 and 3084?
1028
Calculate the highest common divisor of 52392 and 23162.
74
What is the highest common factor of 1901746 and 4558?
106
What is the greatest common factor of 651114 and 126?
18
Calculate the highest common factor of 518943750 and 195.
195
What is the greatest common divisor of 156472 and 182008?
8
What is the greatest common divisor of 123164 and 7052?
164
What is the greatest common divisor of 4206149 and 287?
41
Calculate the highest common divisor of 4467678 and 2568.
642
What is the greatest common divisor of 15 and 267432555?
15
What is the greatest common divisor of 125 and 3423935?
5
What is the greatest common factor of 7010460 and 96900?
1020
What is the greatest common factor of 1016 and 4844?
4
What is the greatest common divisor of 1794 and 158700?
138
Calculate the highest common factor of 171 and 3231774.
9
What is the greatest common factor of 13563 and 18221?
137
What is the greatest common factor of 2590 and 2711275?
35
What is the highest common divisor of 88 and 2400872?
8
Calculate the highest common factor of 443 and 518572699.
443
Calculate the greatest common divisor of 85 and 2461685170.
85
Calculate the highest common factor of 2958852 and 291800.
5836
Calculate the greatest common factor of 641084 and 201584.
1172
What is the greatest common divisor of 177833864 and 208?
104
What is the highest common divisor of 61752 and 3317?
31
What is the highest common factor of 1853336 and 89?
89
What is the greatest common divisor of 56308694 and 485?
97
Calculate the greatest common factor of 40 and 6991384.
8
What is the highest common factor of 780 and 3652140?
60
Calculate the greatest common factor of 315 and 1949955.
105
Calculate the highest common factor of 13012 and 514.
2
What is the highest common divisor of 40139 and 95408?
89
What is the greatest common divisor of 12654457 and 18328?
79
What is the highest common factor of 1217280 and 3075840?
3840
Calculate the highest common factor of 202 and 13297761.
101
Calculate the greatest common divisor of 20791448 and 759.
23
Calculate the greatest common factor of 3946779 and 135.
27
Calculate the highest common divisor of 8469585 and 2889.
963
What is the greatest common factor of 48379761 and 11430?
1143
What is the greatest common factor of 2191844564 and 28?
28
Calculate the greatest common factor of 7421463 and 1701.
1701
What is the highest common factor of 36276 and 282526557?
9069
Calculate the greatest common divisor of 371 and 1381289.
7
What is the highest common factor of 5535348 and 672?
84
What is the greatest common divisor of 121135066 and 1794?
598
Calculate the highest common factor of 640179 and 789297.
2571
What is the highest common divisor of 27062970 and 594?
66
Calculate the greatest common factor of 19527 and 2989329.
849
What is the greatest common factor of 347112 and 145368?
216
Calculate the greatest common factor of 119578838 and 18222.
6074
What is the greatest common divisor of 5326480 and 32?
16
What is the highest common divisor of 366606 and 12304953?
5913
What is the greatest common factor of 270 and 15835464?
18
What is the greatest common divisor of 396 and 61272552?
132
What is the highest common factor of 340475 and 1475?
25
Calculate the greatest common factor of 9 and 50247459.
9
Calculate the greatest common divisor of 2944 and 553748.
92
What is the highest common divisor of 11207 and 142285673?
1601
Calculate the greatest common factor of 17487110 and 730.
10
What is the greatest common factor of 4888 and 33447973?
611
What is the greatest common divisor of 112285 and 2153475?
85
Calculate the greatest common factor of 190280772 and 594.
594
Calculate the highest common factor of 204 and 3518116.
68
Calculate the highest common factor of 270 and 1517075730.
270
Calculate the highest common factor of 173803 and 15337.
49
Calculate the greatest common factor of 71505 and 1162467.
2043
Calculate the greatest common factor of 13525696 and 320.
64
Calculate the highest common factor of 1958614 and 7098.
14
Calculate the greatest common divisor of 30 and 184285185.
15
Calculate the highest common divisor of 62333 and 11371.
83
What is the greatest common factor of 37160019 and 27?
27
What is the greatest common divisor of 649726 and 693?
77
What is the highest common divisor of 117667 and 1198824?
209
Calculate the greatest common divisor of 13779 and 7446784.
1531
Calculate the greatest common divisor of 54769135 and 524.
131
What is the greatest common factor of 2154 and 3737908?
718
Calculate the highest common factor of 338150 and 90.
10
Calculate the highest common factor of 628 and 11130986.
314
What is the highest common divisor of 66 and 188140788?
66
Calculate the greatest common factor of 432 and 13937904.
144
Calculate the greatest common divisor of 3064538 and 165251.
643
Calculate the greatest common divisor of 1604 and 184103912.
1604
What is the highest common factor of 191 and 166883003?
191
What is the greatest common factor of 299125 and 212977?
2393
Calculate the greatest common divisor of 1026 and 773528.
38
What is the greatest common divisor of 774 and 223881822?
774
Calculate the greatest common factor of 210862817 and 418.
209
Calculate the greatest common divisor of 501018 and 22673.
553
Calculate the highest common factor of 901 and 2866727.
17
Calculate the greatest common divisor of 146898554 and 154.
22
Calculate the greatest common factor of 1207584 and 2718.
18
Calculate the greatest common factor of 34001 and 64068.
281
Calculate the greatest common divisor of 72 and 3168819.
9
What is the greatest common divisor of 63837 and 1846107?
369
Calculate the greatest common factor of 300 and 51098520.
60
What is the greatest common factor of 35050127 and 49?
7
What is the greatest common divisor of 19030237 and 15305?
3061
Calculate the highest common factor of 52640 and 13025768.
2632
Calculate the highest common divisor of 1870970 and 331405.
4195
What is the greatest common factor of 1695 and 1422105?
1695
What is the highest common divisor of 116673 and 69?
3
What is the greatest common divisor of 68780005 and 35?
35
What is the greatest common factor of 22721202 and 10416?
1302
Calculate the greatest common factor of 324 and 3026052.
108
Calculate the highest common factor of 19456 and 490704.
16
What is the highest common divisor of 4320 and 103975?
5
What is the highest common divisor of 10215555 and 1155?
105
What is the greatest common factor of 657 and 9022289?
73
Calculate the greatest common factor of 17089272 and 7320.
1464
What is the highest common divisor of 82400910 and 570?
570
What is the highest common factor of 12132 and 3596858964?
12132
What is the greatest common factor of 190500 and 477012?
1524
Calculate the greatest common factor of 6477 and 16703548.
127
Calculate the greatest common factor of 3122688 and